+ 0?
101020
In base 12, what is 0 - -46?
46
In base 13, what is 1 - -5?
6
In base 8, what is -4 - -7263?
7257
In base 7, what is -24 + 0?
-24
In base 6, what is -3 - -4202?
4155
In base 4, what is -1023 - 2200?
-3223
In base 4, what is 2 - 1332?
-1330
In base 15, what is 2 - -376?
378
In base 8, what is 42 - 6?
34
In base 3, what is 0 - -221?
221
In base 7, what is -46 + -3?
-52
In base 7, what is -444 + 114?
-330
In base 11, what is -1 + 1a5?
1a4
In base 13, what is -3 - -9c?
99
In base 12, what is 9 - 0?
9
In base 2, what is -11100100 - 101?
-11101001
In base 3, what is 101002201 + 12?
101002220
In base 5, what is -4 - -342?
333
In base 4, what is 1 - -31310?
31311
In base 8, what is 64 + -5?
57
In base 7, what is 45 - -44?
122
In base 5, what is 0 + 3034?
3034
In base 13, what is 5 + b9?
c1
In base 6, what is 11 + 111?
122
In base 2, what is 101 - 1011010111?
-1011010010
In base 11, what is 639 - -15?
653
In base 12, what is 74 - -11?
85
In base 5, what is 3 - -103?
111
In base 4, what is 1 + -2301?
-2300
In base 4, what is -21200 + 10?
-21130
In base 5, what is 420 - 2?
413
In base 6, what is -24 - 410?
-434
In base 14, what is -1 - -7b?
7a
In base 10, what is -8150 + -2?
-8152
In base 16, what is -3 - 183?
-186
In base 8, what is -50 - -11?
-37
In base 4, what is -1 + 130131?
130130
In base 10, what is 117 + 1?
118
In base 8, what is 42 - -1?
43
In base 5, what is -1130 + 14?
-1111
In base 3, what is 1011 - -2211?
10222
In base 16, what is d - e?
-1
In base 12, what is 6 + -91b?
-915
In base 7, what is -10 - -41?
31
In base 16, what is -1e5 + -3?
-1e8
In base 16, what is -de - -2e?
-b0
In base 7, what is -3 + -10215?
-10221
In base 6, what is -12353 - 15?
-12412
In base 11, what is -2 - -66?
64
In base 15, what is -e + 2?
-c
In base 13, what is -2a2 - -4?
-29b
In base 5, what is 144124 + 3?
144132
In base 4, what is 10 - 11312?
-11302
In base 16, what is 1 - e?
-d
In base 6, what is 15 + 1422?
1441
In base 2, what is -11111 + -1001?
-101000
In base 12, what is -77 + -2?
-79
In base 4, what is -3230311 - -2?
-3230303
In base 8, what is -3 + -3?
-6
In base 13, what is -b - 55?
-63
In base 12, what is -998 + -2?
-99a
In base 5, what is -3344 + 10?
-3334
In base 8, what is 3 + 463?
466
In base 2, what is 100 + -11100010?
-11011110
In base 5, what is 42 + 10?
102
In base 7, what is 13 - -1306?
1322
In base 2, what is -1 + 10110111?
10110110
In base 6, what is 33 + 222?
255
In base 9, what is -33 - 0?
-33
In base 15, what is c - -14?
21
In base 15, what is -1e5 + 0?
-1e5
In base 15, what is 157 + a?
162
In base 9, what is 0 - 8?
-8
In base 7, what is -1 - 365?
-366
In base 12, what is -6 + -121?
-127
In base 10, what is -55 - 12?
-67
In base 13, what is 470 + 3?
473
In base 9, what is -5 - -727?
722
In base 12, what is -967 - 1?
-968
In base 5, what is 2 - 32123?
-32121
In base 7, what is 2 + 15001?
15003
In base 3, what is -202 - -2?
-200
In base 6, what is -5 + 1453?
1444
In base 4, what is 2011 - -10?
2021
In base 12, what is 29a + b?
2a9
In base 11, what is 8 + 2621?
2629
In base 12, what is 3 + 4?
7
In base 6, what is 440 + -4?
432
In base 10, what is -1 - -63?
62
In base 6, what is 1 + -340?
-335
In base 13, what is -4 + -55?
-59
In base 5, what is 103 + -3?
100
In base 15, what is ae + 2?
b1
In base 15, what is 60 - e?
51
In base 13, what is 0 - -12c?
12c
In base 6, what is -3 + -202?
-205
In base 2, what is 110100 + 1010?
111110
In base 3, what is -2112 - 1112?
-11001
In base 5, what is 22 - -3?
30
In base 2, what is 100101100111010 + 0?
100101100111010
In base 13, what is -7b + -5?
-83
In base 16, what is 179 + 0?
179
In base 16, what is 3 + 5e9?
5ec
In base 8, what is -30 + 156?
126
In base 11, what is -872 + 5?
-868
In base 3, what is -101 - 1010?
-1111
In base 11, what is -822 - 6?
-828
In base 15, what is -6 - -8?
2
In base 16, what is 4 - d2?
-ce
In base 7, what is 401143 - 1?
401142
In base 7, what is 144 - -3?
150
In base 11, what is -172 + -1?
-173
In base 12, what is -506 + 0?
-506
In base 13, what is 6 - 10?
-7
In base 5, what is -2 + 130?
123
In base 4, what is 1323 - -12?
2001
In base 11, what is -1 + a25?
a24
In base 14, what is 2 - -a?
c
In base 10, what is -68 - 2?
-70
In base 2, what is 101 - 100?
1
In base 15, what is -65 + -c?
-72
In base 14, what is c - -7?
15
In base 8, what is 2 - 1126?
-1124
In base 13, what is 29 + a?
36
In base 14, what is 97 + 5?
9c
In base 13, what is -10 + 16?
6
In base 9, what is 13 + -8?
4
In base 8, what is 752 - -27?
1001
In base 12, what is -19a - 75?
-253
In base 14, what is 5 - 41d?
-418
In base 5, what is 0 + -1321?
-1321
In base 3, what is 12221 + 221?
20212
In base 2, what is -100101110100 - -101?
-100101101111
In base 9, what is -8 - 160?
-168
In base 11, what is 0 + 280?
280
In base 2, what is -1000111111000 - -1?
-1000111110111
In base 5, what is 1110 + -3?
1102
In base 8, what is -10 + 141?
131
In base 16, what is 70 - 6?
6a
In base 13, what is -254 - -4?
-250
In base 2, what is 11100011 - -1?
11100100
In base 15, what is d5 + 0?
d5
In base 15, what is 11 - 0?
11
In base 7, what is -5 + 215?
210
In base 3, what is -12 - 1012212?
-1020001
In base 10, what is -4 + 494?
490
In base 5, what is -10 + -42?
-102
In base 9, what is -760 + 36?
-723
In base 13, what is -55 - -61?
9
In base 3, what is 0 + 11010?
11010
In base 13, what is -2 + 66?
64
In base 7, what is 525 + 0?
525
In base 10, what is 69 + -212?
-143
In base 9, what is -2 + -16?
-18
In base 7, what is 406 - 4?
402
In base 3, what is -120100 - -2?
-120021
In base 3, what is 220 + 122122?
200112
In base 12, what is -148 - 4?
-150
In base 5, what is 1 + -411?
-410
In base 7, what is -340212 - -1?
-340211
In base 13, what is -2 - -a?
8
In base 3, what is -1 + 2112?
2111
In base 3, what is -12 + 12110?
12021
In base 3, what is 102211212 - 1?
102211211
In base 12, what is 5 - 42?
-39
In base 16, what is -196 + 2?
-194
In base 15, what is -13 + -b3?
-c6
In base 8, what is -10 + -541?
-551
In base 12, what is -5b - 11?
-70
In base 12, what is 106 + 4?
10a
In base 9, what is 1 - 2617?
-2616
In base 12, what is 11 + 0?
11
In base 6, what is -1305 + -10?
-1315
In base 8, what is -661 + 0?
-661
In base 3, what is 2202 + 11?
2220
In base 15, what is -2 + -11e?
-121
In base 8, what is -3 - 326?
-331
In base 15, what is 1c4 + -27?
19c
In base 9, what is -2 + -205?
-207
In base 16, what is 1c3 + 1?
1c4
In base 15, what is 3 - -9?
c
In base 2, what is -11 - 1001000?
-1001011
In base 15, what is -2 - a2?
-a4
In base 11, what is 330 + 20?
350
In base 2, what is -11101 + -1?
-11110
In base 5, what is -111 - 143?
-304
In base 16, what is 7 + 17?
1e
In base 5, what is 0 - -143?
143
In base 6, what is -13 - 55?
-112
In base 12, what is -b - -16?
7
In base 13, what is -1 - -12b?
12a
In base 12, what is 5 + -7?
-2
In base 4, what is -121 + 2121?
2000
In base 5, what is -4 + 1142?
1133
In base 6, what is 11015 + -14?
11001
In base 6, what is -55154 - 1?
-55155
In base 7, what is -6012 + -2?
-6014
In base 11, what is -12 - 5?
-17
In base 9, what is -314 - -3?
-311
In base 4, what is -2000 - 13?
-2013
In base 3, what is 202121 + 2?
202200
In base 9, what is 7 + -1342?
-1334
In base 3, what is 100210 - -2?
100212
In base 3, what is -11000 - -2?
-10221
In base 14, what is -14a + 4?
-146
In base 12, what is 22 - 6?
18
In base 7, what is 2 + -212?
-210
In base 16, what is 19a4 + 3?
19a7
In base 10, what is -1876 + -5?
-1881
In base 14, what is -5 - 99?
-a0
In base 2, what is -1 + -10000011?
-10000100
In base 11, what is 18a - 47?
143
In base 15, what is -3 - -649?
646
In base 6, what is 1001 + -1?
1000
In base 2, what is -1001000 - -11111?
-101001
In base 4, what is 10 + 1222?
1232
In base 3, what is -22 + -11020?
-11112
In base 12, what is -140 - -a8?
-54
In base 11, what is 7 + -52?
-46
In base 2, what is -111001 + -10?
-111011
In base 14, what is -6 + -2bd?
-2c5
In base 16, what is 14 - 4?
10
In base 7, what is -3663 - 0?
-3663
In base 8, what is -421 - -1?
-420
In base 15, what is 0 + 1c0?
1c0
In base 6, what is 103 + 414?
521
In base 2, what is -1001 + -10100?
-11101
In base 12, what is 129 - 3?
126
In base 5, what is 4003 + -43?
3410
In base 4, what is -212 - 12?
-230
In base 11, what is -2 - -101?
aa
In base 10, what is -140 - -5?
-135
In base